s -1 + -100110101100100110011?
-100110101100100110100
In base 16, what is -b53 + 6?
-b4d
In base 6, what is 1414 + 212?
2030
In base 14, what is -c9159 - 4?
-c915d
In base 3, what is -10 - 2020210211?
-2020210221
In base 14, what is -dd6 + 51?
-d85
In base 13, what is 5cb61 + a?
5cb6b
In base 13, what is -12a9c - -159?
-12943
In base 4, what is 23333 + 33?
30032
In base 16, what is f - 35e?
-34f
In base 5, what is -2333 + 2302?
-31
In base 16, what is ab - e6?
-3b
In base 6, what is 52 - -1230034?
1230130
In base 2, what is 0 + 1010010111100110?
1010010111100110
In base 6, what is -3320312 + 11?
-3320301
In base 8, what is 270410 - -2?
270412
In base 15, what is 4 - -64d9?
64dd
In base 9, what is 12086 - -415?
12512
In base 5, what is 1403413 + 1?
1403414
In base 15, what is ce1a5 + -2?
ce1a3
In base 11, what is -473 + -15?
-488
In base 7, what is 2060063 - -5?
2060101
In base 10, what is 2 + -22455?
-22453
In base 3, what is 111202 - -2001?
120210
In base 7, what is -412565 + -112?
-413010
In base 6, what is -10 + -454240?
-454250
In base 8, what is 3 - 51753?
-51750
In base 5, what is 1243 - -3222?
10020
In base 2, what is -1010110010110000101 + 1100?
-1010110010101111001
In base 11, what is 3a + -166a?
-1630
In base 12, what is 208571 + -1?
208570
In base 4, what is -123220 - 1012?
-130232
In base 7, what is 3 - -4442?
4445
In base 14, what is -3 + 24009?
24006
In base 2, what is 10 + -10000100001000?
-10000100000110
In base 6, what is -2245045 - 3?
-2245052
In base 12, what is -6591 + 3?
-658a
In base 13, what is -82 - 442?
-4c4
In base 4, what is -1101 - 203002?
-210103
In base 15, what is 6c + -648?
-5cb
In base 14, what is -2a5d + 4?
-2a59
In base 14, what is -6c - 270?
-2dc
In base 16, what is cc + -45?
87
In base 7, what is -2 + -200325?
-200330
In base 11, what is 1 - 10a9750?
-10a974a
In base 4, what is -33313 - -213213?
113300
In base 7, what is -2 - 262103?
-262105
In base 4, what is -103211103 + 0?
-103211103
In base 10, what is -64790 + -5?
-64795
In base 12, what is -146 + -1920?
-1a66
In base 10, what is 9 - -6577?
6586
In base 10, what is 25232 - 0?
25232
In base 11, what is -2 + -11950?
-11952
In base 5, what is 11 + -210112?
-210101
In base 8, what is 2313 + 43?
2356
In base 2, what is -11110 - 1101011010110001?
-1101011011001111
In base 2, what is -100100010001 - 1000111011?
-101101001100
In base 3, what is 21 - 1202?
-1111
In base 2, what is 1001100101 - -1100000110101?
1101010011010
In base 16, what is -4 + 6c85?
6c81
In base 2, what is 1 + -100000000011101101?
-100000000011101100
In base 14, what is -223 - 17c?
-3a1
In base 6, what is 12500 - -101?
13001
In base 11, what is -1154 + 8?
-1147
In base 11, what is -233633 - -5?
-233629
In base 4, what is 0 + -111131212?
-111131212
In base 15, what is 8e944 + -1?
8e943
In base 8, what is -3075 - -611?
-2264
In base 11, what is 604 + 123?
727
In base 5, what is 213121 + -244?
212322
In base 2, what is 10111111110 - 1000?
10111110110
In base 2, what is -11 + 10001001000100001011?
10001001000100001000
In base 2, what is 1011001 - 1111100100?
-1110001011
In base 15, what is -15799 - a?
-157a4
In base 7, what is -4065 - 102?
-4200
In base 15, what is 2 - 12174?
-12172
In base 16, what is f - -86ebe?
86ecd
In base 4, what is 1212 - 232332?
-231120
In base 8, what is 42106 + -115?
41771
In base 6, what is 241 - 112025?
-111344
In base 6, what is -14112125 - 2?
-14112131
In base 7, what is -1414261 + -11?
-1414302
In base 13, what is -1 - 11a361?
-11a362
In base 5, what is -1343 + -2033?
-3431
In base 3, what is 2121122122 + -20?
2121122102
In base 14, what is -2c - -2c?
0
In base 12, what is -a3 - -848?
765
In base 3, what is -210 + -20112022?
-20120002
In base 7, what is 405 + 13521?
14226
In base 12, what is 2 - 15b695?
-15b693
In base 7, what is 106121 - -4?
106125
In base 12, what is -1b0288 + 5?
-1b0283
In base 16, what is -3a065 + 13?
-3a052
In base 15, what is 3 - 102475?
-102472
In base 8, what is -3204 - -30?
-3154
In base 9, what is 1732 - -141?
1873
In base 10, what is 5596 + -23?
5573
In base 8, what is -4 - 230340?
-230344
In base 14, what is -3 + -d2794?
-d2797
In base 16, what is -1e7 - -27?
-1c0
In base 4, what is 1100301312 + 11?
1100301323
In base 7, what is -10143 - 11?
-10154
In base 9, what is 3 - -17113?
17116
In base 3, what is 20011 + -20021?
-10
In base 13, what is 2a22c - 16?
2a216
In base 14, what is a3 + dc6?
1089
In base 3, what is 10210 + -22012022?
-22001112
In base 10, what is -4360 + 0?
-4360
In base 6, what is 5 - 15042110?
-15042101
In base 14, what is 2ac5 + 8?
2acd
In base 5, what is 11 - 2140324?
-2140313
In base 14, what is 5 + -635c?
-6357
In base 11, what is 0 + a1391?
a1391
In base 16, what is 805df - 0?
805df
In base 13, what is 4 - -1601ca?
160201
In base 13, what is 2 - 52c08?
-52c06
In base 7, what is -12503 - -31?
-12442
In base 3, what is -102112 + 20212?
-11200
In base 3, what is -200120 - -1022222?
122102
In base 11, what is -1808 - 3?
-1810
In base 9, what is 515 - 1588?
-1073
In base 13, what is 23a63 - 2?
23a61
In base 9, what is -38 + 10?
-28
In base 14, what is -1288dd - 1?
-128900
In base 10, what is -6622 - -10?
-6612
In base 9, what is 1078 - 1050?
28
In base 5, what is -1 + -2401120?
-2401121
In base 13, what is 2 + 2895b2?
2895b4
In base 13, what is -66cb - -1a?
-66b1
In base 5, what is -1013 + -33044?
-34112
In base 2, what is 1001011011 - -11111100010?
101000111101
In base 15, what is -cda0 - 4?
-cda4
In base 5, what is -20403 - 403?
-21311
In base 3, what is 121221 - 212?
121002
In base 10, what is -16404 - 13?
-16417
In base 16, what is 1448 - d?
143b
In base 5, what is -141131 + -2?
-141133
In base 15, what is -2 + -3068?
-306a
In base 6, what is 31314 - -143?
31501
In base 6, what is -4 + -3054251?
-3054255
In base 15, what is 3 - e5d?
-e5a
In base 3, what is 20 + -2000211110?
-2000211020
In base 13, what is -1 + 4aa13?
4aa12
In base 7, what is 113063 - -33?
113126
In base 4, what is 21311 + 112021?
133332
In base 15, what is 62a - 6?
624
In base 4, what is 102030 - 20?
102010
In base 14, what is -7 - 9609?
-9612
In base 2, what is 0 + 11101111100011?
11101111100011
In base 10, what is 119 - -2829?
2948
In base 15, what is 6 + c6d?
c74
In base 9, what is 235 - -138?
374
In base 7, what is 4 + 1616132?
1616136
In base 7, what is -3 - -144?
141
In base 11, what is 22 + -a471a?
-a46a8
In base 11, what is 8 - -263?
270
In base 8, what is 1 - 1000046?
-1000045
In base 15, what is 26da5 + -3?
26da2
In base 5, what is -20234 + 10?
-20224
In base 3, what is 20011 + -11100102?
-11010021
In base 4, what is 23010232 + 131?
23011023
In base 5, what is -33242 - -421?
-32321
In base 8, what is -1743 - -5404?
3441
In base 3, what is -1012212221 - 210?
-1012220201
In base 6, what is 1035 + -5?
1030
In base 7, what is -1262 - 252?
-1544
In base 7, what is -5 + 52056?
52051
In base 13, what is -5 - -19b74?
19b6c
In base 6, what is -13 + 2345052?
2345035
In base 4, what is 0 + 221010021?
221010021
In base 5, what is 30 + -22202?
-22122
In base 8, what is 255211 + 35?
255246
In base 9, what is 3602 - -1?
3603
In base 7, what is -1 + 1524566?
1524565
In base 6, what is -102550 + -30?
-103020
In base 16, what is -18e - 7?
-195
In base 15, what is 4 - 9015?
-9011
In base 15, what is -30cb9 + 1?
-30cb8
In base 10, what is -81132 - -45?
-81087
In base 15, what is 12 + -1895?
-1883
In base 15, what is -2 - -9808?
9806
In base 13, what is -a - -2c0?
2b3
In base 15, what is 0 + 2a98?
2a98
In base 9, what is -108435 - 38?
-108474
In base 15, what is c - 2b6e?
-2b62
In base 10, what is -39632 - 58?
-39690
In base 4, what is 1203231 - -331?
1210222
In base 13, what is -5 - -1007?
1002
In base 15, what is -24 - -1313?
12de
In base 5, what is -233442 - -13?
-233424
In base 16, what is 3 - -1c014?
1c017
In base 4, what is 11 - -3112120301?
3112120312
In base 5, what is -30422230 + 3?
-30422222
In base 11, what is 822 - 17?
806
In base 11, what is -3 - 145639?
-145641
In base 4, what is -11 - -11123033?
11123022
In base 9, what is 4662 - 14?
4647
In base 15, what is -1 - 75375?
-75376
In base 5, what is -4 - 1242410?
-1242414
In base 10, what is 21 - -1422?
1443
In base 5, what is -101341030 - 10?
-101341040
In base 16, what is -6d13 - -38?
-6cdb